What is the greatest common factor of 3 and x?
3
Let n be (-2 + 10 - 4)*2. Suppose 56 = -n*q + 10*q. Calculate the greatest common divisor of q and 14.
14
Let v = -716 - -733. Calculate the greatest common divisor of v and 3536.
17
Let s be -5 + ((-24)/(-40) - (-2524)/10). Calculate the greatest common divisor of 341 and s.
31
Let z(q) = -1268*q + 4. Let v(c) = -c**3 - 2*c**2 + c. Let s be v(1). Let x be z(s). Let a be (-1)/(-5) + x/50. Calculate the highest common factor of a and 34.
17
Let y(w) = -w**3 - 11*w**2 + w - 5. Let t be y(-11). Let o = 31 + t. What is the greatest common factor of o and 15?
15
Let p be -1 - (20/28 - 6/(-21)). Let l = p - -3. What is the greatest common factor of l and 8?
1
Let g be (2/(-5))/((-5)/(304 - 4)). What is the highest common divisor of 756 and g?
12
Let k(b) = b**2 + 14*b + 11. Let w be k(-12). Let d = 53 + w. Let u be (-4)/(-14) + (-414)/(-21). Calculate the highest common divisor of u and d.
20
Let g = 209 + -90. Suppose s - 7 = 10. What is the greatest common divisor of g and s?
17
Let h(p) = -12*p - 8. Let w be h(-5). What is the greatest common divisor of 156 and w?
52
Suppose -4*c + 125 = k, -5*k + 85 = 5*c - 3*c. What is the highest common divisor of c and 105?
15
Let s be 1808/56 - 8/28. Calculate the greatest common factor of s and 256.
32
Let q = 130 + -128. Let j be -33*(-8)/(-18)*(-3)/q. Calculate the greatest common factor of 44 and j.
22
Suppose 0 = 3*l - h + 45 - 172, -4*h = -3*l + 130. What is the highest common divisor of 18 and l?
6
Suppose -53*l + 1575 = -38*l. Calculate the greatest common factor of l and 35.
35
Let k = 1516 + -1450. Let b(d) be the second derivative of d**3/2 - d. Let g be b(2). Calculate the greatest common factor of g and k.
6
Suppose -2*f = n - 130 - 718, 2*f - 2548 = -3*n. What is the greatest common factor of 50 and n?
50
Let p(t) = t**3 - 3*t**2 - 4*t. Let o be p(4). Let x(g) = -g**2 - 445 + 481 + 0*g**2. Let f be x(o). What is the highest common factor of 12 and f?
12
Let x be ((-1)/(-2))/((-2)/(-16)). Let i be x/22 - (-10)/(-55). Let u be 72/3 + -4 + i. Calculate the greatest common factor of 160 and u.
20
Let r(t) = -32 + 13 + 24*t**2 + t**3 + 21. Let b be r(-24). What is the highest common factor of 2 and b?
2
Let r be (-1 - -3)/((-26)/403). Let l = r + 32. Calculate the highest common factor of l and 4.
1
Let g(w) = 66*w - 193. Let f be g(3). Let h = 6 + 14. Calculate the highest common factor of h and f.
5
Let d = 14 - 4. Suppose 2*h - 180 = -4*g, 4*h + 174 - 474 = 4*g. Calculate the highest common factor of d and h.
10
Suppose 2*x = -0*x - a + 4, 4*a - 2 = -x. Let s be 17 + -4*x/(-4). Let m = 27 - s. Calculate the greatest common divisor of m and 24.
8
Let w be 1*42 - (-4 + 2). Let j(y) = 2*y**2 - 7*y + 61. Let o be j(7). Calculate the highest common factor of o and w.
22
Suppose -2*u + 92 = 26. Suppose 0 = 5*h + 25, u = 3*y - h - 11. Calculate the highest common divisor of y and 13.
13
Let q(f) = 2*f**2 - 14*f + 45. Let n be q(3). Suppose -15*d - 138 = -n*d. Let t = -37 + 129. What is the greatest common factor of d and t?
23
Let g(m) = 12*m**2 + 1. Let q be g(-2). Suppose 392 = 38*s + 126. Calculate the highest common factor of s and q.
7
Let t(c) = c - 1. Let i(w) = -w**3 + w**2 + 5*w - 59. Let f(d) = -i(d) + 5*t(d). Let v be f(0). Calculate the highest common divisor of v and 27.
27
Suppose -131 - 163 = -3*s - 5*c, -s - 5*c = -108. What is the highest common divisor of s and 39?
3
Suppose p + 4 = 7. Let w be 6 - -265 - (2 - p). What is the highest common divisor of 34 and w?
34
Suppose 0 = 35*n - 24*n - 231. Calculate the greatest common divisor of n and 252.
21
Let h be -1*(4 - 18/4)*48. Let v(t) = 2*t - 1. Let y be v(2). What is the greatest common divisor of y and h?
3
Suppose -2*c - 66 + 76 = 0. Calculate the highest common factor of 500 and c.
5
Let v be (2 + 1)/((-5)/((-5500)/6)). Suppose -2*y = 172 - v. Calculate the greatest common divisor of y and 27.
27
Let p be 0/(20/2) + 7. Suppose 4*d = g - 113, 2*g - g - 5*d = 108. What is the greatest common factor of g and p?
7
Suppose -4*f + f = 5*l - 73, -4*f + 5*l + 39 = 0. Let g be 6/(-2)*-90 + 8/4. What is the greatest common factor of f and g?
16
Let w be 50/6 - 2/(-3). Let h = 28 - 77. Let m = -46 - h. Calculate the highest common factor of m and w.
3
Suppose 8059 - 30315 = -26*r. Calculate the greatest common divisor of r and 107.
107
Let z = -1238 - -1472. Calculate the highest common divisor of 2223 and z.
117
Suppose 5 + 3 = 2*d. Suppose -15 = -d*x + 1, 4*x - 500 = 2*y. Let t = y + 361. Calculate the greatest common factor of 17 and t.
17
Let j = -33 - -57. Let q(o) = 3*o - 9. Let z = 24 + -20. Let y be q(z). What is the greatest common divisor of y and j?
3
Let n(g) = g + 9. Let h be -2 - ((-3 - -4) + -6). Let c be n(h). Calculate the greatest common divisor of 3 and c.
3
Let u be 13 + 20/(-6 + 2). Let k = 45 - 25. Calculate the greatest common divisor of k and u.
4
Let t be (-6 - 6) + (96 - 0). What is the greatest common factor of 60 and t?
12
Let v(g) = g**3 - 5*g**2 - 5*g - 1. Let h be v(6). Suppose -7 = -f + h. Calculate the highest common factor of 12 and f.
12
Suppose 4*j = h - 6*h + 863, -680 = -4*h + 2*j. Let f = 19 + 0. Calculate the greatest common divisor of f and h.
19
Let o = -2 - -9. Suppose t + 9 = 3*y - t, 5*y + 10 = -5*t. Let w be y + 1/(1/6). What is the greatest common divisor of w and o?
7
Suppose 4*l - 5*w = -284, -2*l - w = 195 - 67. Let z = -24 - l. Calculate the highest common factor of 14 and z.
14
Suppose 2*o + 5*k - 69 + 6 = 0, 2*o = -2*k + 60. Calculate the highest common factor of 1247 and o.
29
Let u be (-113 - -1)/(-4) + -3. Let y = u - 21. Suppose -2 = n - y*f, f + 2 = 5. Calculate the highest common divisor of 30 and n.
10
Let h = 21 + -30. Let a be 21 + h + 2/2. Calculate the greatest common divisor of 13 and a.
13
Let j = 1359 + -1348. Let i(o) = o**2 - 10*o + 5. Let b be i(-9). Calculate the greatest common divisor of j and b.
11
Let y = 662 + -648. What is the highest common factor of y and 56?
14
Let j = 10 + 1. Let w(n) = -n**2 + 11*n - 7. Let y be w(10). Let a be 728/6 - y/9. Calculate the greatest common divisor of a and j.
11
Let j(c) = c**3 + 18*c**2 - 11*c - 117. Let g be j(-18). Calculate the highest common divisor of g and 18.
9
Let n be 48*(22 + -23 - (-12)/9). What is the highest common factor of 20 and n?
4
Let x be ((-221)/17 - -21) + 55/1. What is the greatest common divisor of x and 7?
7
Let o(u) = 68*u + 4. Let j be o(1). Calculate the greatest common factor of j and 90.
18
Let a = -10 - -14. Suppose 5*u + 1506 = -4*x, -4*u - a*x - 1204 = -x. Let j be 10/(-6) - u/6. Calculate the greatest common divisor of 72 and j.
24
Let u(p) = 2*p**3 + 21*p**2 - 44*p - 32. Let o be u(-12). Calculate the greatest common divisor of o and 544.
32
Suppose 5*v + 27 = 3*z - 237, 5*z - v = 440. Calculate the greatest common factor of 682 and z.
22
Let q(c) be the second derivative of -c**3/6 - 3*c**2 + 39*c - 1. Let r be q(-10). Calculate the highest common divisor of 6 and r.
2
Suppose 2*r - 3*v - 87 = 0, -4*r + 196 - 31 = -3*v. What is the highest common factor of r and 286?
13
Let o = 12 - 12. Suppose 2*z = 4*n - 30, o = -0*z + 4*z + 5*n + 73. Let l be (3 + -1)*-1*z. What is the greatest common factor of 85 and l?
17
Let i be -1 - 4/((-12)/375). Suppose -15 = -5*o, -b - 2 = -o - 30. Calculate the greatest common divisor of b and i.
31
Suppose 4*r - 5 = 3*h - 23, -2*h - 8 = 4*r. Suppose 3*z = -4*x - 61, -h*z - 15 = 5*x + 28. Let n = 29 + z. What is the highest common divisor of n and 10?
10
Let i = 169 - 159. Let n be (-54)/(-10) + i/(-25). What is the highest common factor of n and 85?
5
Suppose -5*n = 4*d - 14919, n + d - 4116 + 1133 = 0. Calculate the highest common factor of n and 29.
29
Let a = -2159 - -2167. Calculate the highest common divisor of a and 472.
8
Suppose -3*r + 37 = -2. Let m(z) = -4*z + 115. Let p be m(-7). What is the greatest common divisor of p and r?
13
Let z(k) be the third derivative of -19*k**6/120 - k**5/30 + k**4/12 + 23*k**2. Let b be z(-2). Calculate the highest common divisor of b and 20.
20
Suppose -2*t = -t - 3. Suppose 23 - 8 = 5*n, 2*c = 4*n - 12. Suppose -x + 19 + 5 = c. What is the greatest common divisor of t an